mber?
True
Is (35 - 62) + 34 + 1037820/2 prime?
False
Suppose 2*w + 82 = 8. Let p = -5 + w. Let q = 253 + p. Is q prime?
True
Let v = 89 - 82. Suppose -j = v*j - 7672. Suppose -j = 3*p - 6*p + 4*f, -5*f + 1258 = 4*p. Is p composite?
False
Let i(a) = 6*a**3 - 11*a**2 + 2*a + 7. Suppose 52*j - 48 = 46*j. Is i(j) prime?
False
Let y = 39 - 32. Suppose 5*t - 2*i = 84, -3*i = y - 1. Is 4/t + (-22124)/32*-2 prime?
False
Let f(r) = -12*r - 55. Let h(g) = 2*g**3 + g**2 + 6*g + 7. Let w be h(-2). Is f(w) a composite number?
False
Let t = -211 + 84. Let u = t - -401. Suppose 15*x = 16*x - u. Is x a composite number?
True
Let n = 1534629 - 1030932. Is n a composite number?
True
Let v(u) be the second derivative of -u**4/12 - 7*u**3/3 + 35*u**2/2 + 13*u. Let p be v(-16). Suppose 6*t - 489 = p*t. Is t composite?
False
Let w(j) be the second derivative of -227*j**3/6 - 361*j**2/2 - 168*j. Is w(-21) prime?
False
Let f(a) = -3*a + 51. Let v be f(4). Suppose 21312 = v*b - 226221. Is b composite?
True
Let a(x) = -30*x - 2. Let n be a(1). Let r be (45/6 + -5)*n/(-10). Is (r/20)/((-10)/(-6275)) a prime number?
True
Let u(r) = r**3 - 3*r**2 + 4*r - 11. Let d be u(-9). Suppose 0 = 4*k + 3*c + 2449, -c + 0 = 3. Let x = k - d. Is x a composite number?
False
Let f be (-1240)/(-9) - (-5 + 258/54). Is (-8095)/(-2) - f/(-92) composite?
False
Suppose 3*o = -s + 60, 3*o - 5*o - 4*s = -30. Suppose 0 = 10*f - 13*f - o. Let g(y) = -57*y + 16. Is g(f) a composite number?
True
Suppose 17*h - 5 - 46 = 0. Suppose 0 = -2*j - 2*f + 6794, 5 = -h*f - 7. Is j a composite number?
True
Let n(z) = 657*z**2 - 9*z - 13. Let m = 334 - 336. Is n(m) composite?
False
Let f(u) = -4631*u**3 - 9*u**2 + 43*u + 223. Is f(-4) a prime number?
False
Let o(r) = -r + 6. Let g be o(4). Let h(x) = -x**3 - 38*x**2 + 79*x - 40. Let s be h(-40). Suppose g*n + 901 - 6063 = s. Is n composite?
True
Let p(d) = -2965*d - 332. Let h be p(-12). Suppose 3*m = 8 - 5, a - 3*m - h = 0. Is a prime?
True
Suppose 1977 + 24498 = -5*u. Let n be 0 - (-40431)/(-18) - (-8)/48. Let f = n - u. Is f prime?
True
Let o(a) = 15285*a - 1111. Is o(6) composite?
False
Let t be -2 + 4359/9 + (-13)/39. Suppose -479*d - 13791 = -t*d. Is d a composite number?
False
Let t = -86 - -89. Suppose t*z = 6080 + 1549. Is z a prime number?
True
Suppose -9*o = -5*o - 524. Let h(r) = 7*r**2 - 9*r - 160. Let p be h(-13). Let c = p - o. Is c prime?
True
Let h(m) = -m**3 + 4*m - 3. Let c be h(-6). Let a = 147 + c. Let p = a + -145. Is p composite?
False
Suppose 0 = 6*t - t + 10, 0 = -4*c - t - 2. Suppose b = c, 4*r - 9566 = 2*r - 4*b. Is r a composite number?
False
Let n = 59538 + -36779. Is n a prime number?
False
Let p(b) = -1938*b + 23. Let l = 60 + -62. Is p(l) a composite number?
True
Let k be (64/4)/(-1) + 4. Is 3/(-7 + -2) - 27424/k composite?
True
Let q = 526 + -516. Suppose -5*g - q*g + 315075 = 0. Is g a composite number?
True
Let z be (4010 - -4)/(-9)*(-230)/4. Suppose 20*k = -z + 440505. Is k composite?
False
Let d(y) = 264*y**3 + 31*y**2 - 9*y + 103. Is d(14) a prime number?
True
Suppose 2*y - 44 = -20*y. Suppose 5*b + 2*v = 2*b + 101043, -5*b + 168389 = -y*v. Is b a composite number?
False
Let c = -219712 - -1024401. Is c composite?
False
Let m(n) = 24*n**2 - 19*n + 5. Let v be m(4). Let p = v + 896. Suppose 3456 = 5*j - p. Is j a composite number?
True
Let y(l) = 4*l + 16. Let t(d) = -7*d - 33. Let v(o) = -3*t(o) - 5*y(o). Let a be v(-14). Suppose 14*u = a*u + 11493. Is u prime?
True
Let p be (2 - 7)*(-4)/10. Let h be (-30)/6 + 4 + 1 + p. Suppose -5*f + 0*b + 695 = h*b, 0 = 3*f + b - 417. Is f prime?
True
Suppose 32707 = 76*i - 75*i - 4*l, 4*l = -20. Is i prime?
True
Let q(f) be the second derivative of f**5/10 - f**4 - 17*f**3/6 + 17*f**2/2 - 11*f. Let t be q(14). Suppose -5*i + t = 5*w, i - 1974 = -3*w - 217. Is w prime?
True
Let j(a) = 4590*a - 6289. Is j(144) prime?
True
Let y be -2*(-2031)/(1 + 2). Let n(f) = f**3 - 7*f**2 + 32*f - 13. Let o be n(7). Suppose -o = 3*d - y. Is d a prime number?
False
Suppose 7 = 5*g - 13. Let n be (8 - 7 - (-1286)/g)*2. Let x = n - 434. Is x composite?
False
Let l = -25 - -28. Suppose v = -l, -3*v - 2 = -q - v. Let g(y) = 102*y**2 - 8*y - 7. Is g(q) prime?
True
Let x(r) = r**3 - 24*r**2 + 30*r + 20. Let t be x(24). Let d = 1733 + t. Is d composite?
False
Let h(b) = 10*b**2 - 31*b + 6. Let d be h(-26). Let j = d + -5279. Is j composite?
False
Suppose 16*i - 13*i - 61482 = -4*p, 0 = -i - 4*p + 20502. Suppose 20*t + 310 = i. Is t a composite number?
False
Suppose 6*d + 32807 = 5*c, c - 39*d + 43*d - 6551 = 0. Is c prime?
False
Suppose 2*r + 23890 = 2*g, -7*r + 10*r - 47794 = -4*g. Is g composite?
True
Let t = -440227 + 844898. Is t a composite number?
False
Let x(h) = 644*h + 51. Let r be x(21). Suppose 0 = u - 3, -5*o - r = -5*u - 34895. Suppose -3 = -3*c, -o = -3*g - g + c. Is g a prime number?
False
Suppose 45088 = b - 5*a, -b - 379*a + 45090 = -382*a. Is b a prime number?
False
Let v = 217 - 203. Suppose -4*k + 1268 = -z, 13*k - v*k = -5*z - 317. Is k a composite number?
False
Is (-9 - (-2768)/304) + 18197094/38 a composite number?
False
Let f(l) = -14098*l**3 - 4*l**2 - 4*l - 1. Let r be f(-1). Suppose -b - r = -5*c, 5*b + 1 = -9. Is c composite?
False
Suppose -y = -4*c + 616439, 79*c - 82*c - 3*y = -462348. Is c prime?
True
Suppose 0 = 3*i + 3*n - 21, -2*i - 4 = -5*n + 3. Suppose -i*f + 3*k = -23, f - 5*k = -f + 1. Suppose 0*x + 712 = f*x. Is x a composite number?
False
Suppose -4 = -12*f + 10*f. Let h be (f + 10)*(-1)/1. Is (h/4)/((-3)/219) a composite number?
True
Suppose 4*o + k = -21182 + 124450, 5*k + 77451 = 3*o. Is o prime?
False
Suppose -19*v + 2*x + 5712829 = -14*v, 4*v - 5*x = 4570236. Is v a prime number?
True
Let d = -3629 + 24418. Let i = d - 10566. Is i a prime number?
True
Let r(s) = -3*s**3 - 11*s - 12. Let q be r(-1). Suppose -b - q*i = -2628 - 9129, 58725 = 5*b - 2*i. Is b prime?
False
Let o(q) = 3*q**3 - 7*q**2 - 11*q + 53. Let c be o(10). Is (c - 1) + 8/(32/12) a composite number?
True
Let k(p) be the second derivative of 2*p**5/3 - 59*p**4/24 + 4*p**3 + 40*p. Let v(w) be the second derivative of k(w). Is v(12) a prime number?
False
Let x(q) = -3436*q + 413. Suppose 8*f + 17 + 23 = 0. Is x(f) a composite number?
True
Let c(t) = -2*t - 13. Let s be c(-7). Is ((-10)/(240/(-4904)))/(s/3) prime?
True
Is ((-301)/49 - -6) + 6619368/49 a composite number?
False
Suppose -6*s = -326 - 172. Suppose -s = z + 9. Let h = z - -189. Is h prime?
True
Let b(o) = 16*o - 7 - o**2 - 5*o - 7*o. Let n be b(6). Let g(f) = f + 62. Is g(n) composite?
False
Is ((-2198)/42 - -10)/((-2)/1698) prime?
False
Let k = -57 - -60. Suppose l - k*u - u - 375 = 0, 5*l + u = 1812. Suppose -2*g = -l - 703. Is g composite?
True
Suppose -23*y + 19*y = o + 18, 0 = 3*y + 15. Let a be 2 + 8*(-2)/(-4). Is o/a*(0 + (-933)/(-1)) a composite number?
False
Let i(w) be the first derivative of 8*w**3/3 - 3*w**2/2 - 5*w - 1. Suppose 0 = 4*x - 5*c - 2, 5*x + 5*c + 2 = 9*c. Is i(x) prime?
False
Suppose -4 = -3*l + 2*f + 12, -4*f - 26 = -3*l. Suppose -l*g = 0, -5*p + 5*g + 16892 + 4373 = 0. Is p composite?
False
Let g(w) = w**3 - 4*w**2 - 21*w. Let t be g(7). Suppose t = 2*i - 3447 - 5759. Is i composite?
False
Suppose 3*z + 741 = -5*h + 2980, 0 = h + 4*z - 458. Is h a composite number?
True
Suppose -4*r = 5*p - r - 40, -5*p + 15 = -2*r. Suppose 2*a + 0*a + 4*w - 450 = 0, -p*a + 2*w + 1125 = 0. Let n = 42 + a. Is n a prime number?
False
Suppose 43*v - 44*v = 4*n - 782923, -5*v = 5*n - 978650. Is n a composite number?
False
Let l(s) = -s**2 - 39*s + 79. Let x be l(-30). Let v = 1668 + x. Is v composite?
False
Let f be (6/12*-30)/(-1). Suppose f*r = 54*r - 153699. Is r a prime number?
False
Let d(f) = 5*f**3 + 15*f**2 - 89*f + 8. Let c be d(12). Let w = c - -11529. Is w composite?
False
Suppose 4*o = -3*y + o - 18, o + 14 = -5*y. Let c(l) = 98*l**2 + 10*l + 7. Is c(y) composite?
False
Suppose -4*l - 3*d + 15 = 0, 2*l + d - 5*d - 2 = 0. Suppose l*g - 535 = -3*z + 215, -3*z - 3 = 0. Is g a composite number?
False
Let f(m) = 24*m**2 + 4*m + 33. Let x be f(-6). Suppose 4*c - 2639 = -3*b, -16*c + x = b - 18*c. Is b composite?
False
Let o be (-19)/(114/9)*-8. Let a(g) = 4*g**3 + 18*g**2 - 49*g - 87. Let b(r) = -3*r**3 - 12*r**2 + 33*r + 5